j, 0*j + 5*j = 10. Let s be (-7)/(-3 - 15/i). Let h(o) = o**3 - 15*o**2 + 14*o + 4. Calculate the remainder when 15 is divided by h(s).
3
Suppose 0 = -8*s + 15*s - 105. Let n = -8 + s. Calculate the remainder when 17 is divided by n.
3
Suppose -306*p + 303*p = -54. Calculate the remainder when 160 is divided by p.
16
Let m = 7 - 8. Calculate the remainder when 78 is divided by (-6 - -9 - -15) + 3 + m.
18
Suppose -2*u + 14 = 2*k, 2*u + 0*k + 4 = 4*k. Calculate the remainder when (-9)/6 + 46/u is divided by 4.
2
Suppose 10 = -5*g, -5*u + 10*u - 113 = 4*g. Suppose 21 = -18*o + u*o. What is the remainder when 17 is divided by o?
3
Suppose -w + 13 = -2*v, 2*w + 2*v + 5 = 19. Calculate the remainder when 33 is divided by w.
6
Suppose 3*u - 2*r - 83 = 0, 4*r = -2*u + u + 9. What is the remainder when u is divided by 21?
4
Let i = -8 - -10. Let w(r) = r**2 - 4*r - 14. Let k be w(6). What is the remainder when 69 + k/i + -2 is divided by 23?
20
Suppose 50*y = 27*y + 1794. Calculate the remainder when 220 is divided by y.
64
Suppose -2*z - 2*s = -78, 3*s + 0 = -9. What is the remainder when z is divided by 20?
2
Let j(v) = v**2 + v - 5. Suppose -4*p + 34 = -3*s - 61, -2*s - 2 = 0. Calculate the remainder when p is divided by j(-4).
2
Let n(z) = 2*z**3 + 19*z**2 + 2*z - 10. Calculate the remainder when n(-9) is divided by 6.
5
Let z(y) = -y + 12. Let m be z(8). Suppose m*a - 618 + 178 = -x, -x = -5*a + 541. What is the remainder when a is divided by 14?
11
Suppose -4*j = -3*w + 53 - 18, 0 = 3*j - 3. Suppose -3*h + 6 + 18 = 0. Calculate the remainder when w is divided by h.
5
Let c = -62 - -78. Suppose -11*a + c*a - 25 = 0. Calculate the remainder when 33 is divided by a.
3
Suppose -3*r = 8*x - 4*x - 336, -3*r = 12. Let u(q) = 6*q - 17. Calculate the remainder when x is divided by u(5).
9
Suppose 0 = g + 4*g - 430. Suppose -34 = -11*c + 208. Calculate the remainder when g is divided by c.
20
Let g be 21 - (-1)/((-5)/5). Suppose 15*q + 650 = g*q. What is the remainder when q is divided by 33?
31
Suppose -5*n + 28 = -22. Suppose 5*t = n*t - 130. What is the remainder when t is divided by 9?
8
Let t(q) = -q**3 - q + 2. Let s(m) = -m**3 - 15*m**2 - m - 15. Let l be s(-15). Let o be t(l). Calculate the remainder when 108 is divided by (-1)/o*(-88 + 14).
34
Let a be -3*(-1)/1*1. Let w be (8/(-2) - a)*-3. Let o = 71 - w. What is the remainder when o is divided by 13?
11
Let n be (-32)/(-14) - (-8)/(-28). Suppose -n - 2 = -g. Suppose -x - 171 = -g*x. Calculate the remainder when x is divided by 15.
12
Suppose -143 = -16*k + 65. Let h(q) = q**3 - 6*q**2 + 5*q + 2. Let t be h(5). Calculate the remainder when 76/((0 - 0) + t) is divided by k.
12
Let y(c) = c**3 - 20*c**2 + 16*c + 87. What is the remainder when 1137 is divided by y(19)?
27
Let x = -179 + 203. Calculate the remainder when 83 is divided by x.
11
Suppose -t + 40*z + 13 = 45*z, -3*t + 53 = z. Calculate the remainder when t is divided by 10.
8
Suppose -d + 40 = -5*p, d - 4*p = 6*d - 84. Let o(g) = 4*g**3 + g**2 - 12*g - 2. Calculate the remainder when o(3) is divided by d.
19
Suppose 18*s - 14*s - 44 = n, -s + 2*n + 11 = 0. Calculate the remainder when 75 is divided by s.
9
Let j(v) = v**2 - 14*v + 2. Let l be j(14). Let q(b) = 6*b**2 + 2*b - 2. What is the remainder when q(l) is divided by 14?
12
Suppose 2*g = -2*u + 3*u - 128, -64 = g + 4*u. Let m = g - -82. Calculate the remainder when 51 is divided by m.
15
Let d be 385/(-4) + 1/4. Let c = d - -128. What is the remainder when c is divided by 17?
15
Suppose -5*x + 105 = 4*z, x - 5*x + 84 = 5*z. Suppose 15 = n - 11. Let a = 88 - n. What is the remainder when a is divided by x?
20
Let m = 600 - 551. What is the remainder when m is divided by 7?
0
Calculate the remainder when 98 is divided by 33 + (-8)/(-56)*0.
32
Suppose -5*u + 104 = 3*u. Calculate the remainder when 206 is divided by u.
11
Let h(z) = -z**3 + 13*z**2 + 15*z + 8. Calculate the remainder when 217 is divided by h(14).
19
Suppose 40 = 5*n - 4*m + 2*m, 5*n + 5*m - 5 = 0. Calculate the remainder when n/(-4) + (-117)/(-2) is divided by 15.
12
Suppose 0*p + 4*p = 928. Suppose -o = -5*o + p. Suppose 42 = 5*q - o. What is the remainder when 37 is divided by q?
17
Let h be (2/2)/(9/2043). Suppose -5*b = j + h - 58, -b - 29 = -j. Let m = 62 + b. What is the remainder when m is divided by 16?
13
Suppose -51 = -x + 3*f, -2*x + 2*f = -x - 53. Calculate the remainder when x is divided by 15.
12
Suppose -57*g = -4*l - 60*g + 2881, 0 = -4*l + 3*g + 2863. Calculate the remainder when l is divided by 24.
22
What is the remainder when ((-15)/10)/((-6)/440) is divided by 16?
14
Calculate the remainder when 23 is divided by ((-3)/(-9))/(((-8)/54)/(-4)).
5
What is the remainder when (0 + (-212)/(-2))/2 is divided by 27?
26
Suppose -5*s + 135 = 5*u, 4*u + 5*s = u + 81. What is the remainder when 93 is divided by u?
12
Let h = -4 - 3. Let l = h + 9. Suppose -72 + 8 = -l*d. What is the remainder when 127 is divided by d?
31
Let r = 177 + -170. Let m(g) be the third derivative of -g**6/120 - g**5/60 - g**4/24 + 10*g**3/3 + g**2. What is the remainder when m(0) is divided by r?
6
Suppose 5*b - 39 = 646. What is the remainder when b is divided by 38?
23
Suppose -5*d = -4*o - 48, -4*o + 10 = -2. Suppose 3*z - 12 = -6. What is the remainder when (2/(-4))/(z/(-92)) is divided by d?
11
Let m(l) = l**3 + 8*l**2 - 11*l + 8. Let p be m(-9). Suppose -2*w = -p - 14. Let j = w + -12. What is the remainder when 13 is divided by j?
5
Suppose 0 = -0*n + 5*n - 30. Let o(h) = h**3 + h**2 - 5*h + 4. What is the remainder when n*((-4)/3 - -3) is divided by o(2)?
4
Suppose 46 - 312 = -3*s - w, -w + 5 = 0. Calculate the remainder when s is divided by 31.
25
Suppose -5*m - 32 = -3*c, 0 = 5*m - c + 25 - 1. What is the remainder when (2/17 - 5451/(-51)) + m is divided by 21?
19
Let h(v) = -v**2 - 51*v + 361. Let a(r) = -27*r - 1. Calculate the remainder when a(-2) is divided by h(-57).
15
Suppose g = -44 + 39. Calculate the remainder when ((-3600)/(-44) - g) + 4/22 is divided by 45.
42
Let j = 47 + -57. What is the remainder when 4/j + 276/15 is divided by 4?
2
Suppose 45 = -5*t - 0*t. What is the remainder when t/21 - (-1042)/14 is divided by 25?
24
Let y = 137 - 63. What is the remainder when y is divided by 70?
4
Let p be (-2)/10 + (-5)/(-25). Suppose -3*a + p*j = -4*j - 30, 4*a = -j + 59. Calculate the remainder when 39 is divided by a.
11
Let u = -175 + 198. What is the remainder when 86 is divided by u?
17
Let s = 11 + -8. Let q(o) = 84*o + 596. What is the remainder when q(-7) is divided by s?
2
Let t = -112 + 129. What is the remainder when 34 is divided by t?
0
Let w = -361 + 836. Calculate the remainder when w is divided by 68.
67
Let f(i) = -i**2 - 7*i + 2. Let r(v) = -3*v + 3. Let a = -3 - -6. Let h be r(a). Calculate the remainder when 13 is divided by f(h).
5
Suppose -12 = -7*t + 3*t. Let m(w) = 3*w - 5. Calculate the remainder when 31 is divided by m(t).
3
Let v(z) = -z**2 + 7*z - 9. Let i(o) = -o - 5. Suppose 6*j + 0*j = -54. Let k be i(j). What is the remainder when 14 is divided by v(k)?
2
Let l = -22 - -18. Calculate the remainder when (-1 - l) + 38*2 is divided by 27.
25
Let d(c) = -c**3 - 25*c**2 - 11*c - 86. What is the remainder when d(-25) is divided by 16?
13
Let a(m) = -m**2 + m + 20. Let x be a(5). Suppose -3*i + x*i + 99 = 0. Calculate the remainder when i is divided by 7.
5
Let v(m) = -18*m**2 + 91*m + 2. Calculate the remainder when 34 is divided by v(5).
6
Let l(v) = v**2 + 26*v + 44. Let y = -9 - -18. What is the remainder when l(-26) is divided by y?
8
Let j = -38 - -38. Suppose 5*p + 3*p - 80 = j. What is the remainder when 99 is divided by p?
9
Let g(a) = -6*a**3 + 2*a**2 - 1. Let m = -37 - -20. Let j = m - -16. What is the remainder when 27 is divided by g(j)?
6
Suppose -5*f + 5*n - 158 = -6*f, 6 = -2*n. What is the remainder when f is divided by 16?
13
Let v = -65 + 67. Suppose 5*n - w = 37, 8 - 27 = -v*n - w. Calculate the remainder when n is divided by 7.
1
Let d = -227 + 375. What is the remainder when d is divided by 75?
73
Let a(j) = 4*j - 15. Let x be a(5). Suppose x*z - 10 = 10. What is the remainder when 13 is divided by z?
1
Let l(t) = -3 - t**3 - 8*t**2 + 7*t**2 - 3*t**2 - 6*t. Calculate